*u - 1. Is t(b) a composite number?
False
Suppose -255 - 810 = -5*w. Let d = -128 + w. Is d a composite number?
True
Let s be ((-264)/(-32))/(6/40). Suppose s + 31 = 2*p. Is p a composite number?
False
Let j(w) be the second derivative of w**4/12 + w**3/3 + w**2 + w. Let i be j(-3). Suppose 0*s + 2*s + 30 = 3*g, 5*s = -i*g + 50. Is g composite?
True
Let x = -1134 - -2183. Is x a composite number?
False
Let v = -7 + 11. Let a(l) = -l**3 + 9*l**2 - 5*l. Let w be a(v). Is (-6)/2 - w/(-6) composite?
False
Suppose -3*q + 16 = q. Suppose -2*f - f = -5*k - 1167, -q*f + k = -1556. Is f a prime number?
True
Suppose -1788 = 4*a - 5704. Is a a prime number?
False
Let t(h) = -h**3 + 5*h**2 - 2*h + 2. Suppose 2*j + 2*j + 36 = 0. Let c be -3*3/j - -3. Is t(c) a composite number?
True
Let r(k) = -k + 10. Let w be r(9). Is w/(((-3)/(-93))/1) a prime number?
True
Suppose -3*r + 0*r + 5*b - 1 = 0, 0 = -3*r + 4*b + 1. Let z(u) = -u - 4. Let v be z(-6). Suppose r*o = v*o - 5*d + 26, 29 = 4*o - 5*d. Is o prime?
True
Let u = 2 + 0. Is (-2 + (u - 1))*-23 a composite number?
False
Suppose 23*b = 28*b - 4535. Is b composite?
False
Let l(i) be the second derivative of 4*i**3 + 2*i. Let a be l(2). Suppose 5*q = 27 + a. Is q prime?
False
Let c be (0 - (-3)/(-1)) + -2. Is (1386/(-90))/(1/c) a composite number?
True
Suppose -p - 5 = 0, -6*p = -3*m - 3*p + 2646. Is m prime?
True
Let g = 8559 + 676. Is g prime?
False
Suppose j - 4*j = 4*t - 2223, 9 = 3*t. Is j a prime number?
False
Suppose -355 = -2*i - 3*i. Is i composite?
False
Let c be (-1)/(-2)*13*2. Let y = c + 162. Suppose 32 = 2*s + 5*x - 133, -2*s = 3*x - y. Is s a prime number?
False
Let s = 25 - -1. Suppose 4*b + 4 = 5*a, -s = -5*a - 2*b + 2. Suppose 3*c - 244 = x, 0*x - 312 = -a*c + 4*x. Is c a composite number?
False
Let m(v) = -v**3 + 5*v**2 + v - 2. Let b be m(5). Suppose -b*o - 22 + 7 = 0. Is (-222)/15*o/2 composite?
False
Let g be (-44 - -2)/((-2)/5). Let y = g - 62. Is y a prime number?
True
Suppose -2*k + 483 = -305. Suppose x + 225 - 624 = 2*h, k = x + 3*h. Is x composite?
False
Let d = -1 + 8. Suppose 0 = 2*w + 5*j - 21, -w + 0*j + d = -j. Is (2/(-3))/(w/(-948)) composite?
False
Let y(h) = 3*h - 3. Suppose -3*j + 8 + 1 = 0. Let a be y(j). Suppose -5*i + 131 = -o, i - 21 = o - a*o. Is i a composite number?
True
Let j = -4 - -2. Let g(y) = 30*y**2 - 3*y + 1. Is g(j) prime?
True
Let t(h) = -2*h + 3 - 4 + 0*h. Let i = -16 + 12. Is t(i) composite?
False
Suppose -5*k = 3*s, -3*s + 2*k = s. Suppose -t + 7 + s = 0. Is t a composite number?
False
Let j(t) = t - 8. Let h be j(8). Let r be 7 - 4 - (1 + h). Suppose r = -m + 9. Is m composite?
False
Suppose 0 = -4*w + f + 5443, 5*f + 286 = -4*w + 5735. Is w composite?
False
Let i = 512 - 301. Is i prime?
True
Suppose -d = -4*d + 4*p + 3361, d - 1118 = -p. Is d a composite number?
True
Suppose 6*k + 3 = 7*k. Suppose -k*s + 2 + 166 = 3*i, 2*s + 6 = 0. Is i a prime number?
True
Suppose -2*a - 13 = -t - 55, 2*t - 8 = 0. Is a a prime number?
True
Is 2/8 + (-3302)/(-8) prime?
False
Let i(a) = 10*a + 7. Let m(f) = f**3 - 10*f**2 + f - 3. Let k be m(10). Is i(k) composite?
True
Suppose 2*s + 3*s - 109 = -y, -s - 359 = -3*y. Let r be (200/(-15))/((-2)/(-6)). Let n = r + y. Is n a composite number?
False
Suppose p + 3*p - 104 = 0. Let y = 11 - p. Let d = y + 21. Is d prime?
False
Suppose -4*a + 446 = 2*w, -5*w = -0*w - a - 1060. Is w composite?
True
Let z = 7 + -3. Let o(p) = 2*p + 3. Let w(n) = 2*n + 3. Let d(j) = z*w(j) - 3*o(j). Is d(6) a composite number?
True
Let p = 2676 - 1057. Is p prime?
True
Let o = 942 - 301. Is o a prime number?
True
Let b(y) = -y**3 + 4*y**2 + 6*y. Let v be b(5). Suppose 2*q = -3*o + 1515, -v*o + 3*o + 1012 = 2*q. Is o composite?
False
Let s(c) = 3*c**2 + 12*c - 1. Let a be s(-7). Suppose -x + a = x. Is x a composite number?
False
Suppose -6 = 2*u, -4*u + 1209 = -0*x + 3*x. Is x a composite number?
True
Let t = 801 + -455. Is t composite?
True
Let z(v) = -6*v**3 - 2*v**2 + 2*v + 2. Let g be z(-2). Suppose -5*o + g = -207. Is o prime?
False
Let r be -5 - (-1 - (4 + -2)). Let i(s) = -31*s + 5. Let a be i(5). Is a/(-8) + r/(-8) composite?
False
Let z = 1323 - -860. Is z a prime number?
False
Suppose -i = -2*i. Suppose -3*n + 0*n + 69 = i. Is n a prime number?
True
Let y(m) = 31*m - 3. Suppose -15 + 5 = -5*w. Is y(w) prime?
True
Let q(g) = -4*g + 11. Is q(-12) composite?
False
Let i = 7 - -538. Is i prime?
False
Let t be 1/(1/29) + -2. Let w(i) = -i**3 - 10*i**2 + i + 12. Let y be w(-10). Suppose y*q - t = 19. Is q a composite number?
False
Suppose 191 = 15*c - 14*c. Is c a prime number?
True
Let q be 704/10 + 8/(-20). Let z = 107 - q. Is z prime?
True
Suppose 0 = p - 11731 + 2428. Is (1/3)/(7/p) a prime number?
True
Let o = -36 - -23. Let i = -3 - o. Is i a prime number?
False
Suppose -5*d + 2*o - 64 = 0, 2*d + 37 = -2*o - o. Let c(z) = -13*z + 9. Is c(d) a composite number?
False
Let x(l) = l + 1. Let r be x(4). Suppose -5*v + p = -295, -r*p - 19 = -2*v + 99. Is v prime?
True
Let j(l) = 4065*l**2 + 3*l + 1. Is j(-1) prime?
False
Let p(h) = -h**2 + 4*h - 3. Let b be p(3). Suppose 6 = -2*l - b*l. Let q(n) = -3*n + 1. Is q(l) a composite number?
True
Let r = -8 - -13. Is (-51)/(-3)*(r + 0) prime?
False
Suppose 15 = 4*y + y. Let f be 7/((-21)/16)*-9. Let j = y + f. Is j prime?
False
Let z = -411 + 1280. Is z prime?
False
Suppose -5*p + 9 = -1. Let j be 25*7/((-70)/(-8)). Suppose 0*w + j = p*w. Is w a prime number?
False
Let v = -177 - 305. Let u = -291 - v. Is u a prime number?
True
Let a = -9 - -5. Let q(v) = -19*v - 2. Is q(a) a prime number?
False
Let u(a) = -12*a + 9. Let c be u(8). Is c*4/(-12) - -2 composite?
False
Let b = -141 + 812. Is b a composite number?
True
Let m(b) = -5*b - 12. Is m(-7) prime?
True
Let r = 15 + 4. Is r composite?
False
Let k(a) = 16*a + 14. Is k(15) a prime number?
False
Is 13787 + -35 + -1*1 a prime number?
True
Let p be (1/2)/((-1)/(-2)). Let r(d) = -3 + p - 3*d + 0 + 5*d**2 + 1. Is r(3) composite?
True
Let z be 1/(-4) - 22/8. Let b = -5 + z. Let c(p) = -7*p - 3. Is c(b) prime?
True
Let h = 1112 + -369. Is h a composite number?
False
Let f = -284 + 483. Is f a prime number?
True
Let x(m) = 5*m**3 + 5*m**2 - m + 12. Let c(p) = -p**3 + p - 1. Let z(k) = -4*c(k) - x(k). Let r be z(-7). Let b = 162 - r. Is b a composite number?
True
Let j be (-8)/12 + 44/(-6). Let t = j + 5. Let v = t - -52. Is v composite?
True
Let n be (-4)/(-2)*1 - 1. Let t be -9*1/n + 2. Let r(p) = -p**3 - 8*p**2 - 10*p. Is r(t) a prime number?
False
Suppose 0 = -g + 4*g - 3*v, 3*g + 4*v - 21 = 0. Let a(d) = -5*d**2 + 117*d**2 + 2 - g. Is a(1) a prime number?
False
Let z(a) = -a**3 - 2*a**2 - a - 2. Let y be z(-2). Suppose 2*v = -0*v - 3*q - 24, -v + 5*q + 14 = y. Let n(d) = -15*d - 5. Is n(v) a composite number?
True
Let m(i) = 4*i**2 + 4*i - 5. Let j(t) = 2*t - 7. Let x be j(7). Let a be m(x). Is (-1)/(-2) + a/6 composite?
False
Let p(r) = 17*r - 10. Let u be p(5). Suppose u = s - 52. Is s composite?
False
Let f(q) = q - 1. Let h be f(-1). Suppose -7*a + 145 = -6*a. Is h/4 + a/10 a composite number?
True
Suppose -j = -2491 + 320. Is j composite?
True
Let z(o) = -7*o**3 - o**2 - 2*o. Suppose 2 = -2*f, 3*y + 4*f + 10 = -0*y. Let b be z(y). Let m = 78 - b. Is m a prime number?
False
Let w(b) be the first derivative of 75*b**2/2 - 4*b - 7. Is w(7) prime?
True
Is (14455/10)/7*2 a composite number?
True
Let x be (0 + (-71)/(-3))*3. Let a = 205 - x. Is a composite?
True
Suppose 3*r - 267 = 2*r. Is r a prime number?
False
Suppose 0 = -3*v - 2*v. Suppose -25 = 5*k + 4*z, k - 4*z - 4 - 15 = v. Is 2*k - -2 - -79 prime?
True
Suppose -l + 12 = 3*l. Suppose -5*n = -2*i + 10 + 1, n + l*i + 9 = 0. Is 196 + -1 + n - 1 composite?
False
Suppose -20 = -7*z + 2*z. Is 1/z - (-374)/8 prime?
True
Let q(f) = -f - 5. Let n = -12 + 17. Suppose -10 - 30 = n*r. Is q(r) prime?
True
Suppose 2*w + 0*w + 360 = h, h + 5*w - 367 = 0. Let m = h - 67. Is m composite?
True
Let p = 16 - 22. Let t be (0 - 1)*117/9. Let h = p - t. Is h composite?
False
Let r = -4 + 7. Let q(n) be the third derivative of -n**6/120 + n**5/10 - n**4/8 - 2*n**3/3 - 6*n**2. Is q(r) a composite number?
True
Is 3/((3384/(-1137))/3 + 1) a composite number?
False
Suppose 1834 = 5*h - 10231. Is h prime?
False
Let j